{"id":3530,"date":"2026-03-04T19:16:39","date_gmt":"2026-03-04T22:16:39","guid":{"rendered":"https:\/\/repositoriofamen.com.br\/?post_type=tnc_col_2548_item&#038;p=3530"},"modified":"2026-03-04T19:20:58","modified_gmt":"2026-03-04T22:20:58","slug":"anais-do-iii-simposio-de-gestao-e-avaliacao-de-politicas-publicas-em-educacao-profissional-democracia-participacao-e-direito-a-educacao","status":"publish","type":"tnc_col_2548_item","link":"https:\/\/repositoriofamen.com.br\/index.php\/anais-de-eventos-2\/anais-do-iii-simposio-de-gestao-e-avaliacao-de-politicas-publicas-em-educacao-profissional-democracia-participacao-e-direito-a-educacao\/","title":{"rendered":"ANAIS DO III SIMP\u00d3SIO DE GEST\u00c3O E AVALIA\u00c7\u00c3O DE POL\u00cdTICAS P\u00daBLICAS EM EDUCA\u00c7\u00c3O PROFISSIONAL DEMOCRACIA, PARTICIPA\u00c7\u00c3O E DIREITO \u00c0 EDUCA\u00c7\u00c3O"},"content":{"rendered":"<p>O III Simp\u00f3sio de Gest\u00e3o e Avalia\u00e7\u00e3o de Pol\u00edticas P\u00fablicas em Educa\u00e7\u00e3o Profissional (III Sigaep) foi realizado de 19 a 21 de fevereiro de 2025, com o tema: Democracia, Participa\u00e7\u00e3o e Direito \u00e0 Educa\u00e7\u00e3o.<br \/>\n\u00c9 salutar informar que, o Sigaep \u00e9 organizado como modo de estimular a instrumenta\u00e7\u00e3o cient\u00edfica em termos de produ\u00e7\u00e3o e divulga\u00e7\u00e3o de conhecimentos na din\u00e2mica da disciplina obrigat\u00f3ria: Gest\u00e3o e Avalia\u00e7\u00e3o de Pol\u00edticas de Educa\u00e7\u00e3o Profissional, componente da forma\u00e7\u00e3o acad\u00eamica da linha de pesquisa: Pol\u00edticas e Pr\u00e1xis em Educa\u00e7\u00e3o Profissional e dos grupos de pesquisa e pesquisadores a ela vinculados, no Programa de P\u00f3sgradua\u00e7\u00e3o em Educa\u00e7\u00e3o Profissional do Instituto Federal de Educa\u00e7\u00e3o, Ci\u00eancia e Tecnologia do rio Grande do Norte &#8211; PPGEP\/IFRN.<\/p>\n","protected":false},"featured_media":3533,"parent":0,"menu_order":0,"comment_status":"closed","ping_status":"closed","template":"","format":"standard","class_list":["post-3530","tnc_col_2548_item","type-tnc_col_2548_item","status-publish","format-standard","has-post-thumbnail","hentry"],"_links":{"self":[{"href":"https:\/\/repositoriofamen.com.br\/index.php\/wp-json\/wp\/v2\/tnc_col_2548_item\/3530","targetHints":{"allow":["GET"]}}],"collection":[{"href":"https:\/\/repositoriofamen.com.br\/index.php\/wp-json\/wp\/v2\/tnc_col_2548_item"}],"about":[{"href":"https:\/\/repositoriofamen.com.br\/index.php\/wp-json\/wp\/v2\/types\/tnc_col_2548_item"}],"replies":[{"embeddable":true,"href":"https:\/\/repositoriofamen.com.br\/index.php\/wp-json\/wp\/v2\/comments?post=3530"}],"version-history":[{"count":1,"href":"https:\/\/repositoriofamen.com.br\/index.php\/wp-json\/wp\/v2\/tnc_col_2548_item\/3530\/revisions"}],"predecessor-version":[{"id":3559,"href":"https:\/\/repositoriofamen.com.br\/index.php\/wp-json\/wp\/v2\/tnc_col_2548_item\/3530\/revisions\/3559"}],"wp:featuredmedia":[{"embeddable":true,"href":"https:\/\/repositoriofamen.com.br\/index.php\/wp-json\/wp\/v2\/media\/3533"}],"wp:attachment":[{"href":"https:\/\/repositoriofamen.com.br\/index.php\/wp-json\/wp\/v2\/media?parent=3530"}],"curies":[{"name":"wp","href":"https:\/\/api.w.org\/{rel}","templated":true}]}}

ANAIS DO III SIMPÓSIO DE GESTÃO E AVALIAÇÃO DE POLÍTICAS PÚBLICAS EM EDUCAÇÃO PROFISSIONAL DEMOCRACIA, PARTICIPAÇÃO E DIREITO À EDUCAÇÃO

<p>O III Simpósio de Gestão e Avaliação de Políticas Públicas em Educação Profissional (III Sigaep) foi realizado de 19 a 21 de fevereiro de 2025, com o tema: Democracia, Participação e Direito à Educação.<br />
É salutar informar que, o Sigaep é organizado como modo de estimular a instrumentação científica em termos de produção e divulgação de conhecimentos na dinâmica da disciplina obrigatória: Gestão e Avaliação de Políticas de Educação Profissional, componente da formação acadêmica da linha de pesquisa: Políticas e Práxis em Educação Profissional e dos grupos de pesquisa e pesquisadores a ela vinculados, no Programa de Pósgraduação em Educação Profissional do Instituto Federal de Educação, Ciência e Tecnologia do rio Grande do Norte &#8211; PPGEP/IFRN.</p>
