{"id":3487,"date":"2026-03-04T18:14:36","date_gmt":"2026-03-04T21:14:36","guid":{"rendered":"https:\/\/repositoriofamen.com.br\/?post_type=tnc_col_2548_item&#038;p=3487"},"modified":"2026-03-04T18:19:27","modified_gmt":"2026-03-04T21:19:27","slug":"anais-do-iii-seminario-de-estudos-sobre-midias-educacionais-da-faculdade-famen-iii-semef-anais-do-iii-seminario-de-estudos-sobre-midias-educacionais-do-ifrn-iii-semei","status":"publish","type":"tnc_col_2548_item","link":"https:\/\/repositoriofamen.com.br\/index.php\/anais-de-eventos-2\/anais-do-iii-seminario-de-estudos-sobre-midias-educacionais-da-faculdade-famen-iii-semef-anais-do-iii-seminario-de-estudos-sobre-midias-educacionais-do-ifrn-iii-semei\/","title":{"rendered":"ANAIS DO III SEMIN\u00c1RIO DE ESTUDOS SOBRE M\u00cdDIAS EDUCACIONAIS DA FACULDADE FAMEN &#8211; III SEMEF &#8211; ANAIS DO III SEMIN\u00c1RIO DE ESTUDOS SOBRE M\u00cdDIAS EDUCACIONAIS DO IFRN &#8211; III SEMEI"},"content":{"rendered":"<p>\u00c9 com grande satisfa\u00e7\u00e3o que apresentamos os Anais do III SEMIN\u00c1RIO DE ESTUDOS SOBRE M\u00cdDIAS EDUCACIONAIS DA FACULDADE FAMEN &#8211; III SEMEF e do III SEMIN\u00c1RIO DE ESTUDOS SOBRE M\u00cdDIAS EDUCACIONAIS DO IFRN &#8211; III SEMEI, realizado nos dias 26\/11\/2025 e 21\/01\/2026, com o tema CULTURA DIGITAL E FORMA\u00c7\u00c3O DOCENTE: DESAFIOS PARA A EDUCA\u00c7\u00c3O MIDI\u00c1TICA CONTEMPOR\u00c2NEA. O III SEMEF integrado ao III SEMEI ocorreu virtualmente em transmiss\u00f5es realizadas pelo Youtube, em formato on-line, com acesso p\u00fablico e gratuito para todos os participantes. A terceira edi\u00e7\u00e3o do evento teve como objetivo principal promover o debate, o compartilhamento de experi\u00eancias e a dissemina\u00e7\u00e3o de pesquisas e pr\u00e1ticas relacionadas ao uso de m\u00eddias educacionais nos diversos n\u00edveis, etapas e contextos de ensino.<\/p>\n","protected":false},"featured_media":3490,"parent":0,"menu_order":0,"comment_status":"closed","ping_status":"closed","template":"","format":"standard","class_list":["post-3487","tnc_col_2548_item","type-tnc_col_2548_item","status-publish","format-standard","has-post-thumbnail","hentry"],"_links":{"self":[{"href":"https:\/\/repositoriofamen.com.br\/index.php\/wp-json\/wp\/v2\/tnc_col_2548_item\/3487","targetHints":{"allow":["GET"]}}],"collection":[{"href":"https:\/\/repositoriofamen.com.br\/index.php\/wp-json\/wp\/v2\/tnc_col_2548_item"}],"about":[{"href":"https:\/\/repositoriofamen.com.br\/index.php\/wp-json\/wp\/v2\/types\/tnc_col_2548_item"}],"replies":[{"embeddable":true,"href":"https:\/\/repositoriofamen.com.br\/index.php\/wp-json\/wp\/v2\/comments?post=3487"}],"version-history":[{"count":1,"href":"https:\/\/repositoriofamen.com.br\/index.php\/wp-json\/wp\/v2\/tnc_col_2548_item\/3487\/revisions"}],"predecessor-version":[{"id":3528,"href":"https:\/\/repositoriofamen.com.br\/index.php\/wp-json\/wp\/v2\/tnc_col_2548_item\/3487\/revisions\/3528"}],"wp:featuredmedia":[{"embeddable":true,"href":"https:\/\/repositoriofamen.com.br\/index.php\/wp-json\/wp\/v2\/media\/3490"}],"wp:attachment":[{"href":"https:\/\/repositoriofamen.com.br\/index.php\/wp-json\/wp\/v2\/media?parent=3487"}],"curies":[{"name":"wp","href":"https:\/\/api.w.org\/{rel}","templated":true}]}}

ANAIS DO III SEMINÁRIO DE ESTUDOS SOBRE MÍDIAS EDUCACIONAIS DA FACULDADE FAMEN &#8211; III SEMEF &#8211; ANAIS DO III SEMINÁRIO DE ESTUDOS SOBRE MÍDIAS EDUCACIONAIS DO IFRN &#8211; III SEMEI

<p>É com grande satisfação que apresentamos os Anais do III SEMINÁRIO DE ESTUDOS SOBRE MÍDIAS EDUCACIONAIS DA FACULDADE FAMEN &#8211; III SEMEF e do III SEMINÁRIO DE ESTUDOS SOBRE MÍDIAS EDUCACIONAIS DO IFRN &#8211; III SEMEI, realizado nos dias 26/11/2025 e 21/01/2026, com o tema CULTURA DIGITAL E FORMAÇÃO DOCENTE: DESAFIOS PARA A EDUCAÇÃO MIDIÁTICA CONTEMPORÂNEA. O III SEMEF integrado ao III SEMEI ocorreu virtualmente em transmissões realizadas pelo Youtube, em formato on-line, com acesso público e gratuito para todos os participantes. A terceira edição do evento teve como objetivo principal promover o debate, o compartilhamento de experiências e a disseminação de pesquisas e práticas relacionadas ao uso de mídias educacionais nos diversos níveis, etapas e contextos de ensino.</p>
