{"id":2832,"date":"2025-09-04T14:35:35","date_gmt":"2025-09-04T17:35:35","guid":{"rendered":"https:\/\/repositoriofamen.com.br\/?post_type=tnc_col_2548_item&#038;p=2832"},"modified":"2025-09-04T15:41:57","modified_gmt":"2025-09-04T18:41:57","slug":"ii-seminario-de-estudos-sobre-midias-educacionais-da-faculdade-famen-e-do-ifrn-ii-semef-e-ii-semei","status":"publish","type":"tnc_col_2548_item","link":"https:\/\/repositoriofamen.com.br\/index.php\/anais-de-eventos-2\/ii-seminario-de-estudos-sobre-midias-educacionais-da-faculdade-famen-e-do-ifrn-ii-semef-e-ii-semei\/","title":{"rendered":"II Semin\u00e1rio de Estudos Sobre M\u00eddias Educacionais da Faculdade FAMEN e do IFRN &#8211; II SEMEF e II SEMEI"},"content":{"rendered":"<p><title><\/title><\/p>\n<div style=\"text-align: justify\">Os Anais do II SEMIN\u00c1RIO DE ESTUDOS SOBRE M\u00cdDIAS EDUCACIONAIS DA FACULDADE FAMEN &#8211; II SEMEF e do II SEMIN\u00c1RIO DE ESTUDOS SOBRE M\u00cdDIAS EDUCACIONAIS DO IFRN &#8211; II SEMEI, realizado nos dias 25\/06\/2025 e 27\/072025, com o tema CIDADANIA MIDI\u00c1TICA: AUTONOMIA E PENSAMENTO CR\u00cdTICO PARA TODOS. O II SEMEF integrado ao II SEMEI ocorreu virtualmente em transmiss\u00f5es realizadas pelo Youtube, em formato on-line, com acesso p\u00fablico e gratuito para todos os participantes. A segunda edi\u00e7\u00e3o do evento teve como objetivo<br \/>\nprincipal promover o debate, o compartilhamento de experi\u00eancias e a dissemina\u00e7\u00e3o de pesquisas e pr\u00e1ticas relacionadas ao uso de m\u00eddias educacionais nos diversos n\u00edveis, etapas e contextos de ensino\n<\/div>\n","protected":false},"featured_media":2844,"parent":0,"menu_order":0,"comment_status":"closed","ping_status":"closed","template":"","format":"standard","class_list":["post-2832","tnc_col_2548_item","type-tnc_col_2548_item","status-publish","format-standard","has-post-thumbnail","hentry"],"_links":{"self":[{"href":"https:\/\/repositoriofamen.com.br\/index.php\/wp-json\/wp\/v2\/tnc_col_2548_item\/2832","targetHints":{"allow":["GET"]}}],"collection":[{"href":"https:\/\/repositoriofamen.com.br\/index.php\/wp-json\/wp\/v2\/tnc_col_2548_item"}],"about":[{"href":"https:\/\/repositoriofamen.com.br\/index.php\/wp-json\/wp\/v2\/types\/tnc_col_2548_item"}],"replies":[{"embeddable":true,"href":"https:\/\/repositoriofamen.com.br\/index.php\/wp-json\/wp\/v2\/comments?post=2832"}],"version-history":[{"count":4,"href":"https:\/\/repositoriofamen.com.br\/index.php\/wp-json\/wp\/v2\/tnc_col_2548_item\/2832\/revisions"}],"predecessor-version":[{"id":2863,"href":"https:\/\/repositoriofamen.com.br\/index.php\/wp-json\/wp\/v2\/tnc_col_2548_item\/2832\/revisions\/2863"}],"wp:featuredmedia":[{"embeddable":true,"href":"https:\/\/repositoriofamen.com.br\/index.php\/wp-json\/wp\/v2\/media\/2844"}],"wp:attachment":[{"href":"https:\/\/repositoriofamen.com.br\/index.php\/wp-json\/wp\/v2\/media?parent=2832"}],"curies":[{"name":"wp","href":"https:\/\/api.w.org\/{rel}","templated":true}]}}

II Seminário de Estudos Sobre Mídias Educacionais da Faculdade FAMEN e do IFRN &#8211; II SEMEF e II SEMEI

<p><title></title></p>
<div style="text-align: justify">Os Anais do II SEMINÁRIO DE ESTUDOS SOBRE MÍDIAS EDUCACIONAIS DA FACULDADE FAMEN &#8211; II SEMEF e do II SEMINÁRIO DE ESTUDOS SOBRE MÍDIAS EDUCACIONAIS DO IFRN &#8211; II SEMEI, realizado nos dias 25/06/2025 e 27/072025, com o tema CIDADANIA MIDIÁTICA: AUTONOMIA E PENSAMENTO CRÍTICO PARA TODOS. O II SEMEF integrado ao II SEMEI ocorreu virtualmente em transmissões realizadas pelo Youtube, em formato on-line, com acesso público e gratuito para todos os participantes. A segunda edição do evento teve como objetivo<br />
principal promover o debate, o compartilhamento de experiências e a disseminação de pesquisas e práticas relacionadas ao uso de mídias educacionais nos diversos níveis, etapas e contextos de ensino
</div>
