{"id":2781,"date":"2024-09-24T17:31:39","date_gmt":"2024-09-24T20:31:39","guid":{"rendered":"https:\/\/repositoriofamen.com.br\/?post_type=tnc_col_2548_item&#038;p=2781"},"modified":"2024-09-25T17:32:41","modified_gmt":"2024-09-25T20:32:41","slug":"ii-sigaep-simposio-de-gestao-e-avaliacao-de-politicas-publicas-em-educacao-profissional","status":"publish","type":"tnc_col_2548_item","link":"https:\/\/repositoriofamen.com.br\/index.php\/anais-de-eventos-2\/ii-sigaep-simposio-de-gestao-e-avaliacao-de-politicas-publicas-em-educacao-profissional\/","title":{"rendered":"Anais do II Simp\u00f3sio de Gest\u00e3o e Avalia\u00e7\u00e3o de Pol\u00edticas P\u00fablicas em Educa\u00e7\u00e3o Profissional: Pol\u00edticas P\u00fablicas de Educa\u00e7\u00e3o Profissional: perspectivas e desafios"},"content":{"rendered":"<p>Descri\u00e7\u00e3o: O II SIGAEP foi realizado de 14 a 16 de abril de 2023, com o tema &#8220;Pol\u00edticas P\u00fablicas de Educa\u00e7\u00e3o Profissional: perspectivas e desafios&#8221;. O II SIGAEP busca se consolidar como um evento cat\u00e1logo do PPGEP\/IFRN e como um espa\u00e7o de di\u00e1logo e trocas de experi\u00eancias para estudantes, professores, pesquisadores nacionais e internacionais da gradua\u00e7\u00e3o e p\u00f3s-gradua\u00e7\u00e3o, e para profissionais da Educa\u00e7\u00e3o B\u00e1sica e Superior e integrantes de movimentos sociais de diferentes \u00e1reas de conhecimento, vinculados \u00e0 pesquisa em Gest\u00e3o e Avalia\u00e7\u00e3o de Pol\u00edticas P\u00fablicas.<\/p>\n","protected":false},"featured_media":2784,"parent":0,"menu_order":0,"comment_status":"closed","ping_status":"closed","template":"","format":"standard","class_list":["post-2781","tnc_col_2548_item","type-tnc_col_2548_item","status-publish","format-standard","has-post-thumbnail","hentry"],"_links":{"self":[{"href":"https:\/\/repositoriofamen.com.br\/index.php\/wp-json\/wp\/v2\/tnc_col_2548_item\/2781","targetHints":{"allow":["GET"]}}],"collection":[{"href":"https:\/\/repositoriofamen.com.br\/index.php\/wp-json\/wp\/v2\/tnc_col_2548_item"}],"about":[{"href":"https:\/\/repositoriofamen.com.br\/index.php\/wp-json\/wp\/v2\/types\/tnc_col_2548_item"}],"replies":[{"embeddable":true,"href":"https:\/\/repositoriofamen.com.br\/index.php\/wp-json\/wp\/v2\/comments?post=2781"}],"version-history":[{"count":5,"href":"https:\/\/repositoriofamen.com.br\/index.php\/wp-json\/wp\/v2\/tnc_col_2548_item\/2781\/revisions"}],"predecessor-version":[{"id":2811,"href":"https:\/\/repositoriofamen.com.br\/index.php\/wp-json\/wp\/v2\/tnc_col_2548_item\/2781\/revisions\/2811"}],"wp:featuredmedia":[{"embeddable":true,"href":"https:\/\/repositoriofamen.com.br\/index.php\/wp-json\/wp\/v2\/media\/2784"}],"wp:attachment":[{"href":"https:\/\/repositoriofamen.com.br\/index.php\/wp-json\/wp\/v2\/media?parent=2781"}],"curies":[{"name":"wp","href":"https:\/\/api.w.org\/{rel}","templated":true}]}}

Anais do II Simpósio de Gestão e Avaliação de Políticas Públicas em Educação Profissional: Políticas Públicas de Educação Profissional: perspectivas e desafios

<p>Descrição: O II SIGAEP foi realizado de 14 a 16 de abril de 2023, com o tema &#8220;Políticas Públicas de Educação Profissional: perspectivas e desafios&#8221;. O II SIGAEP busca se consolidar como um evento catálogo do PPGEP/IFRN e como um espaço de diálogo e trocas de experiências para estudantes, professores, pesquisadores nacionais e internacionais da graduação e pós-graduação, e para profissionais da Educação Básica e Superior e integrantes de movimentos sociais de diferentes áreas de conhecimento, vinculados à pesquisa em Gestão e Avaliação de Políticas Públicas.</p>
