{"id":3154,"date":"2026-01-20T18:59:15","date_gmt":"2026-01-20T21:59:15","guid":{"rendered":"https:\/\/repositoriofamen.com.br\/?post_type=tnc_col_1067_item&#038;p=3154"},"modified":"2026-01-20T19:51:54","modified_gmt":"2026-01-20T22:51:54","slug":"os-impactos-das-tecnologias-digitais-no-desenvolvimento-infantil-beneficios-desafios-e-perspectivas-pdf","status":"publish","type":"tnc_col_1067_item","link":"https:\/\/repositoriofamen.com.br\/index.php\/trabalho-de-conclusao-de-curso-tcc\/os-impactos-das-tecnologias-digitais-no-desenvolvimento-infantil-beneficios-desafios-e-perspectivas-pdf\/","title":{"rendered":"OS IMPACTOS DAS TECNOLOGIAS DIGITAIS NO DESENVOLVIMENTO INFANTIL &#8211; BENEF\u00cdCIOS, DESAFIOS E PERSPECTIVAS.pdf"},"content":{"rendered":"<p>Monografia apresentada ao curso de Pedagogia, da Faculdade Metropolitana Norte Riograndense (FAMEN) como pr\u00e9-requisito para a obten\u00e7\u00e3o do t\u00edtulo de graduado (a) em Pedagogia.<\/p>\n","protected":false},"featured_media":3210,"parent":0,"menu_order":0,"comment_status":"closed","ping_status":"closed","template":"","format":"standard","class_list":["post-3154","tnc_col_1067_item","type-tnc_col_1067_item","status-publish","format-standard","has-post-thumbnail","hentry"],"_links":{"self":[{"href":"https:\/\/repositoriofamen.com.br\/index.php\/wp-json\/wp\/v2\/tnc_col_1067_item\/3154","targetHints":{"allow":["GET"]}}],"collection":[{"href":"https:\/\/repositoriofamen.com.br\/index.php\/wp-json\/wp\/v2\/tnc_col_1067_item"}],"about":[{"href":"https:\/\/repositoriofamen.com.br\/index.php\/wp-json\/wp\/v2\/types\/tnc_col_1067_item"}],"replies":[{"embeddable":true,"href":"https:\/\/repositoriofamen.com.br\/index.php\/wp-json\/wp\/v2\/comments?post=3154"}],"version-history":[{"count":7,"href":"https:\/\/repositoriofamen.com.br\/index.php\/wp-json\/wp\/v2\/tnc_col_1067_item\/3154\/revisions"}],"predecessor-version":[{"id":3265,"href":"https:\/\/repositoriofamen.com.br\/index.php\/wp-json\/wp\/v2\/tnc_col_1067_item\/3154\/revisions\/3265"}],"wp:featuredmedia":[{"embeddable":true,"href":"https:\/\/repositoriofamen.com.br\/index.php\/wp-json\/wp\/v2\/media\/3210"}],"wp:attachment":[{"href":"https:\/\/repositoriofamen.com.br\/index.php\/wp-json\/wp\/v2\/media?parent=3154"}],"curies":[{"name":"wp","href":"https:\/\/api.w.org\/{rel}","templated":true}]}}

OS IMPACTOS DAS TECNOLOGIAS DIGITAIS NO DESENVOLVIMENTO INFANTIL &#8211; BENEFÍCIOS, DESAFIOS E PERSPECTIVAS.pdf

<p>Monografia apresentada ao curso de Pedagogia, da Faculdade Metropolitana Norte Riograndense (FAMEN) como pré-requisito para a obtenção do título de graduado (a) em Pedagogia.</p>
