{"id":2883,"date":"2025-09-05T18:22:32","date_gmt":"2025-09-05T21:22:32","guid":{"rendered":"https:\/\/repositoriofamen.com.br\/?post_type=tnc_col_1067_item&#038;p=2883"},"modified":"2025-09-05T21:23:46","modified_gmt":"2025-09-06T00:23:46","slug":"formacao-e-atuacao-docente-no-atendimento-educacional-especializado-aee","status":"publish","type":"tnc_col_1067_item","link":"https:\/\/repositoriofamen.com.br\/index.php\/trabalho-de-conclusao-de-curso-tcc\/formacao-e-atuacao-docente-no-atendimento-educacional-especializado-aee\/","title":{"rendered":"FORMA\u00c7\u00c3O E ATUA\u00c7\u00c3O DOCENTE NO ATENDIMENTO EDUCACIONAL ESPECIALIZADO &#8211; AEE"},"content":{"rendered":"<p>Monografia apresentada ao Curso de Pedagogia, da Faculdade Metropolitana Norte Riograndense (FAMEN) como pr\u00e9-requisito para a obten\u00e7\u00e3o do t\u00edtulo de graduado(a) em Pedagogia.<\/p>\n","protected":false},"featured_media":2920,"parent":0,"menu_order":0,"comment_status":"closed","ping_status":"closed","template":"","format":"standard","class_list":["post-2883","tnc_col_1067_item","type-tnc_col_1067_item","status-publish","format-standard","has-post-thumbnail","hentry"],"_links":{"self":[{"href":"https:\/\/repositoriofamen.com.br\/index.php\/wp-json\/wp\/v2\/tnc_col_1067_item\/2883","targetHints":{"allow":["GET"]}}],"collection":[{"href":"https:\/\/repositoriofamen.com.br\/index.php\/wp-json\/wp\/v2\/tnc_col_1067_item"}],"about":[{"href":"https:\/\/repositoriofamen.com.br\/index.php\/wp-json\/wp\/v2\/types\/tnc_col_1067_item"}],"replies":[{"embeddable":true,"href":"https:\/\/repositoriofamen.com.br\/index.php\/wp-json\/wp\/v2\/comments?post=2883"}],"version-history":[{"count":4,"href":"https:\/\/repositoriofamen.com.br\/index.php\/wp-json\/wp\/v2\/tnc_col_1067_item\/2883\/revisions"}],"predecessor-version":[{"id":3116,"href":"https:\/\/repositoriofamen.com.br\/index.php\/wp-json\/wp\/v2\/tnc_col_1067_item\/2883\/revisions\/3116"}],"wp:featuredmedia":[{"embeddable":true,"href":"https:\/\/repositoriofamen.com.br\/index.php\/wp-json\/wp\/v2\/media\/2920"}],"wp:attachment":[{"href":"https:\/\/repositoriofamen.com.br\/index.php\/wp-json\/wp\/v2\/media?parent=2883"}],"curies":[{"name":"wp","href":"https:\/\/api.w.org\/{rel}","templated":true}]}}

FORMAÇÃO E ATUAÇÃO DOCENTE NO ATENDIMENTO EDUCACIONAL ESPECIALIZADO &#8211; AEE

<p>Monografia apresentada ao Curso de Pedagogia, da Faculdade Metropolitana Norte Riograndense (FAMEN) como pré-requisito para a obtenção do título de graduado(a) em Pedagogia.</p>
