{"id":1453,"date":"2024-03-12T22:33:52","date_gmt":"2024-03-13T01:33:52","guid":{"rendered":"https:\/\/repositoriofamen.com.br\/?post_type=tnc_col_1067_item&#038;p=1453"},"modified":"2024-03-13T10:05:33","modified_gmt":"2024-03-13T13:05:33","slug":"transtorno-do-espectro-autista-praticas-pedagogicas-e-inclusao","status":"publish","type":"tnc_col_1067_item","link":"https:\/\/repositoriofamen.com.br\/index.php\/trabalho-de-conclusao-de-curso-tcc\/transtorno-do-espectro-autista-praticas-pedagogicas-e-inclusao\/","title":{"rendered":"Transtorno do Espectro Autista: pr\u00e1ticas pedag\u00f3gicas e inclus\u00e3o"},"content":{"rendered":"<p>Monografia apresentada ao curso de Pedagogia, da Faculdade Metropolitana Norte Riograndense(FAMEN) com o pr\u00e9-requisito para a obten\u00e7\u00e3o do t\u00edtulo de graduado (a) em Pedagogia.<\/p>\n","protected":false},"featured_media":1495,"parent":0,"menu_order":0,"comment_status":"closed","ping_status":"closed","template":"","format":"standard","class_list":["post-1453","tnc_col_1067_item","type-tnc_col_1067_item","status-publish","format-standard","has-post-thumbnail","hentry"],"_links":{"self":[{"href":"https:\/\/repositoriofamen.com.br\/index.php\/wp-json\/wp\/v2\/tnc_col_1067_item\/1453","targetHints":{"allow":["GET"]}}],"collection":[{"href":"https:\/\/repositoriofamen.com.br\/index.php\/wp-json\/wp\/v2\/tnc_col_1067_item"}],"about":[{"href":"https:\/\/repositoriofamen.com.br\/index.php\/wp-json\/wp\/v2\/types\/tnc_col_1067_item"}],"replies":[{"embeddable":true,"href":"https:\/\/repositoriofamen.com.br\/index.php\/wp-json\/wp\/v2\/comments?post=1453"}],"version-history":[{"count":9,"href":"https:\/\/repositoriofamen.com.br\/index.php\/wp-json\/wp\/v2\/tnc_col_1067_item\/1453\/revisions"}],"predecessor-version":[{"id":2432,"href":"https:\/\/repositoriofamen.com.br\/index.php\/wp-json\/wp\/v2\/tnc_col_1067_item\/1453\/revisions\/2432"}],"wp:featuredmedia":[{"embeddable":true,"href":"https:\/\/repositoriofamen.com.br\/index.php\/wp-json\/wp\/v2\/media\/1495"}],"wp:attachment":[{"href":"https:\/\/repositoriofamen.com.br\/index.php\/wp-json\/wp\/v2\/media?parent=1453"}],"curies":[{"name":"wp","href":"https:\/\/api.w.org\/{rel}","templated":true}]}}

Transtorno do Espectro Autista: práticas pedagógicas e inclusão

<p>Monografia apresentada ao curso de Pedagogia, da Faculdade Metropolitana Norte Riograndense(FAMEN) com o pré-requisito para a obtenção do título de graduado (a) em Pedagogia.</p>
