{"id":1451,"date":"2024-03-12T22:33:51","date_gmt":"2024-03-13T01:33:51","guid":{"rendered":"https:\/\/repositoriofamen.com.br\/?post_type=tnc_col_1067_item&#038;p=1451"},"modified":"2024-03-13T09:41:12","modified_gmt":"2024-03-13T12:41:12","slug":"contribuicoes-do-coordenador-pedagogico-como-mediador-das-acoes-escolares","status":"publish","type":"tnc_col_1067_item","link":"https:\/\/repositoriofamen.com.br\/index.php\/trabalho-de-conclusao-de-curso-tcc\/contribuicoes-do-coordenador-pedagogico-como-mediador-das-acoes-escolares\/","title":{"rendered":"Contribui\u00e7\u00f5es do coordenador pedag\u00f3gico como mediador das a\u00e7\u00f5es escolares"},"content":{"rendered":"<p>Monografia apresentada ao curso de Pedagogia, da Faculdade Metropolitana Norte Riograndense (FAMEN) como pr\u00e9-requisito para a obten\u00e7\u00e3o do t\u00edtulo de graduada em Pedagogia.<\/p>\n","protected":false},"featured_media":1502,"parent":0,"menu_order":0,"comment_status":"closed","ping_status":"closed","template":"","format":"standard","class_list":["post-1451","tnc_col_1067_item","type-tnc_col_1067_item","status-publish","format-standard","has-post-thumbnail","hentry"],"_links":{"self":[{"href":"https:\/\/repositoriofamen.com.br\/index.php\/wp-json\/wp\/v2\/tnc_col_1067_item\/1451","targetHints":{"allow":["GET"]}}],"collection":[{"href":"https:\/\/repositoriofamen.com.br\/index.php\/wp-json\/wp\/v2\/tnc_col_1067_item"}],"about":[{"href":"https:\/\/repositoriofamen.com.br\/index.php\/wp-json\/wp\/v2\/types\/tnc_col_1067_item"}],"replies":[{"embeddable":true,"href":"https:\/\/repositoriofamen.com.br\/index.php\/wp-json\/wp\/v2\/comments?post=1451"}],"version-history":[{"count":10,"href":"https:\/\/repositoriofamen.com.br\/index.php\/wp-json\/wp\/v2\/tnc_col_1067_item\/1451\/revisions"}],"predecessor-version":[{"id":2176,"href":"https:\/\/repositoriofamen.com.br\/index.php\/wp-json\/wp\/v2\/tnc_col_1067_item\/1451\/revisions\/2176"}],"wp:featuredmedia":[{"embeddable":true,"href":"https:\/\/repositoriofamen.com.br\/index.php\/wp-json\/wp\/v2\/media\/1502"}],"wp:attachment":[{"href":"https:\/\/repositoriofamen.com.br\/index.php\/wp-json\/wp\/v2\/media?parent=1451"}],"curies":[{"name":"wp","href":"https:\/\/api.w.org\/{rel}","templated":true}]}}

Contribuições do coordenador pedagógico como mediador das ações escolares

<p>Monografia apresentada ao curso de Pedagogia, da Faculdade Metropolitana Norte Riograndense (FAMEN) como pré-requisito para a obtenção do título de graduada em Pedagogia.</p>
