{"id":1435,"date":"2024-03-12T22:33:51","date_gmt":"2024-03-13T01:33:51","guid":{"rendered":"https:\/\/repositoriofamen.com.br\/?post_type=tnc_col_1067_item&#038;p=1435"},"modified":"2024-03-13T10:00:49","modified_gmt":"2024-03-13T13:00:49","slug":"a-atuacao-do-pedagogo-no-ambiente-hospitalar-continuidade-da-escolarizacao","status":"publish","type":"tnc_col_1067_item","link":"https:\/\/repositoriofamen.com.br\/index.php\/trabalho-de-conclusao-de-curso-tcc\/a-atuacao-do-pedagogo-no-ambiente-hospitalar-continuidade-da-escolarizacao\/","title":{"rendered":"A atua\u00e7\u00e3o do pedagogo no ambiente hospitalar: continuidade da escolariza\u00e7\u00e3o"},"content":{"rendered":"<p>Monografia apresentada ao curso de Pedagogia, da Faculdade Metropolitana Norte Riograndense (FAMEN) como pr\u00e9-requisito para a obten\u00e7\u00e3o do t\u00edtulo de graduado (a) em Pedagogia.<\/p>\n","protected":false},"featured_media":1497,"parent":0,"menu_order":0,"comment_status":"closed","ping_status":"closed","template":"","format":"standard","class_list":["post-1435","tnc_col_1067_item","type-tnc_col_1067_item","status-publish","format-standard","has-post-thumbnail","hentry"],"_links":{"self":[{"href":"https:\/\/repositoriofamen.com.br\/index.php\/wp-json\/wp\/v2\/tnc_col_1067_item\/1435","targetHints":{"allow":["GET"]}}],"collection":[{"href":"https:\/\/repositoriofamen.com.br\/index.php\/wp-json\/wp\/v2\/tnc_col_1067_item"}],"about":[{"href":"https:\/\/repositoriofamen.com.br\/index.php\/wp-json\/wp\/v2\/types\/tnc_col_1067_item"}],"replies":[{"embeddable":true,"href":"https:\/\/repositoriofamen.com.br\/index.php\/wp-json\/wp\/v2\/comments?post=1435"}],"version-history":[{"count":11,"href":"https:\/\/repositoriofamen.com.br\/index.php\/wp-json\/wp\/v2\/tnc_col_1067_item\/1435\/revisions"}],"predecessor-version":[{"id":2411,"href":"https:\/\/repositoriofamen.com.br\/index.php\/wp-json\/wp\/v2\/tnc_col_1067_item\/1435\/revisions\/2411"}],"wp:featuredmedia":[{"embeddable":true,"href":"https:\/\/repositoriofamen.com.br\/index.php\/wp-json\/wp\/v2\/media\/1497"}],"wp:attachment":[{"href":"https:\/\/repositoriofamen.com.br\/index.php\/wp-json\/wp\/v2\/media?parent=1435"}],"curies":[{"name":"wp","href":"https:\/\/api.w.org\/{rel}","templated":true}]}}

A atuação do pedagogo no ambiente hospitalar: continuidade da escolarização

<p>Monografia apresentada ao curso de Pedagogia, da Faculdade Metropolitana Norte Riograndense (FAMEN) como pré-requisito para a obtenção do título de graduado (a) em Pedagogia.</p>
