{"id":1311,"date":"2024-03-12T21:32:20","date_gmt":"2024-03-13T00:32:20","guid":{"rendered":"https:\/\/repositoriofamen.com.br\/?post_type=tnc_col_1067_item&#038;p=1311"},"modified":"2024-03-13T09:31:19","modified_gmt":"2024-03-13T12:31:19","slug":"competencia-socioemocional-no-desenvolvimento-da-apredizagem","status":"publish","type":"tnc_col_1067_item","link":"https:\/\/repositoriofamen.com.br\/index.php\/trabalho-de-conclusao-de-curso-tcc\/competencia-socioemocional-no-desenvolvimento-da-apredizagem\/","title":{"rendered":"Compet\u00eancia socioemocional no desenvolvimento da aprendizagem"},"content":{"rendered":"<p>Monografia apresentada ao curso de Pedagogia, da Faculdade Metropolitana Norte Riograndense (FAMEN) como pr\u00e9-requisito para a obten\u00e7\u00e3o do t\u00edtulo de graduado(a) em Pedagogia.<\/p>\n","protected":false},"featured_media":1330,"parent":0,"menu_order":0,"comment_status":"closed","ping_status":"closed","template":"","format":"standard","class_list":["post-1311","tnc_col_1067_item","type-tnc_col_1067_item","status-publish","format-standard","has-post-thumbnail","hentry"],"_links":{"self":[{"href":"https:\/\/repositoriofamen.com.br\/index.php\/wp-json\/wp\/v2\/tnc_col_1067_item\/1311","targetHints":{"allow":["GET"]}}],"collection":[{"href":"https:\/\/repositoriofamen.com.br\/index.php\/wp-json\/wp\/v2\/tnc_col_1067_item"}],"about":[{"href":"https:\/\/repositoriofamen.com.br\/index.php\/wp-json\/wp\/v2\/types\/tnc_col_1067_item"}],"replies":[{"embeddable":true,"href":"https:\/\/repositoriofamen.com.br\/index.php\/wp-json\/wp\/v2\/comments?post=1311"}],"version-history":[{"count":5,"href":"https:\/\/repositoriofamen.com.br\/index.php\/wp-json\/wp\/v2\/tnc_col_1067_item\/1311\/revisions"}],"predecessor-version":[{"id":2037,"href":"https:\/\/repositoriofamen.com.br\/index.php\/wp-json\/wp\/v2\/tnc_col_1067_item\/1311\/revisions\/2037"}],"wp:featuredmedia":[{"embeddable":true,"href":"https:\/\/repositoriofamen.com.br\/index.php\/wp-json\/wp\/v2\/media\/1330"}],"wp:attachment":[{"href":"https:\/\/repositoriofamen.com.br\/index.php\/wp-json\/wp\/v2\/media?parent=1311"}],"curies":[{"name":"wp","href":"https:\/\/api.w.org\/{rel}","templated":true}]}}

Competência socioemocional no desenvolvimento da aprendizagem

<p>Monografia apresentada ao curso de Pedagogia, da Faculdade Metropolitana Norte Riograndense (FAMEN) como pré-requisito para a obtenção do título de graduado(a) em Pedagogia.</p>
