{"id":1294,"date":"2024-03-12T21:24:29","date_gmt":"2024-03-13T00:24:29","guid":{"rendered":"https:\/\/repositoriofamen.com.br\/?post_type=tnc_col_1067_item&#038;p=1294"},"modified":"2024-03-13T09:30:15","modified_gmt":"2024-03-13T12:30:15","slug":"a-contribuicao-do-professor-para-a-reducao-do-bullyng-no-espaco-escolar","status":"publish","type":"tnc_col_1067_item","link":"https:\/\/repositoriofamen.com.br\/index.php\/trabalho-de-conclusao-de-curso-tcc\/a-contribuicao-do-professor-para-a-reducao-do-bullyng-no-espaco-escolar\/","title":{"rendered":"A contribui\u00e7\u00e3o do professor para a redu\u00e7\u00e3o do bullyng no espa\u00e7o escolar"},"content":{"rendered":"<p>Monografia apresentada ao curso de Pedagogia, da Faculdade Metropolitana Norte Riograndense<br \/>\n&#8211; FAMEN como pr\u00e9-requisito para a obten\u00e7\u00e3o do t\u00edtulo de graduado(a) em Pedagogia.<\/p>\n","protected":false},"featured_media":1308,"parent":0,"menu_order":0,"comment_status":"closed","ping_status":"closed","template":"","format":"standard","class_list":["post-1294","tnc_col_1067_item","type-tnc_col_1067_item","status-publish","format-standard","has-post-thumbnail","hentry"],"_links":{"self":[{"href":"https:\/\/repositoriofamen.com.br\/index.php\/wp-json\/wp\/v2\/tnc_col_1067_item\/1294","targetHints":{"allow":["GET"]}}],"collection":[{"href":"https:\/\/repositoriofamen.com.br\/index.php\/wp-json\/wp\/v2\/tnc_col_1067_item"}],"about":[{"href":"https:\/\/repositoriofamen.com.br\/index.php\/wp-json\/wp\/v2\/types\/tnc_col_1067_item"}],"replies":[{"embeddable":true,"href":"https:\/\/repositoriofamen.com.br\/index.php\/wp-json\/wp\/v2\/comments?post=1294"}],"version-history":[{"count":12,"href":"https:\/\/repositoriofamen.com.br\/index.php\/wp-json\/wp\/v2\/tnc_col_1067_item\/1294\/revisions"}],"predecessor-version":[{"id":2019,"href":"https:\/\/repositoriofamen.com.br\/index.php\/wp-json\/wp\/v2\/tnc_col_1067_item\/1294\/revisions\/2019"}],"wp:featuredmedia":[{"embeddable":true,"href":"https:\/\/repositoriofamen.com.br\/index.php\/wp-json\/wp\/v2\/media\/1308"}],"wp:attachment":[{"href":"https:\/\/repositoriofamen.com.br\/index.php\/wp-json\/wp\/v2\/media?parent=1294"}],"curies":[{"name":"wp","href":"https:\/\/api.w.org\/{rel}","templated":true}]}}

A contribuição do professor para a redução do bullyng no espaço escolar

<p>Monografia apresentada ao curso de Pedagogia, da Faculdade Metropolitana Norte Riograndense<br />
&#8211; FAMEN como pré-requisito para a obtenção do título de graduado(a) em Pedagogia.</p>
