{"id":1096,"date":"2023-09-12T20:54:16","date_gmt":"2023-09-12T23:54:16","guid":{"rendered":"https:\/\/repositoriofamen.com.br\/?post_type=tnc_col_1067_item&#038;p=1096"},"modified":"2024-03-13T09:19:20","modified_gmt":"2024-03-13T12:19:20","slug":"o-papel-do-professor-na-educacao-inclusiva","status":"publish","type":"tnc_col_1067_item","link":"https:\/\/repositoriofamen.com.br\/index.php\/trabalho-de-conclusao-de-curso-tcc\/o-papel-do-professor-na-educacao-inclusiva\/","title":{"rendered":"O papel do professor na educa\u00e7\u00e3o inclusiva"},"content":{"rendered":"<p>Trabalho de Conclus\u00e3o de Curso apresentado ao Curso de P\u00f3s-Gradua\u00e7\u00e3o em Educa\u00e7\u00e3o Infantil e Ensino Fundamental da Faculdade Metropolitana Norte Riograndense (FAMEN) como pr\u00e9-requisito para a obten\u00e7\u00e3o do t\u00edtulo de especialista em Educa\u00e7\u00e3o Infantil e Ensino Fundamental.<\/p>\n","protected":false},"featured_media":1099,"parent":0,"menu_order":0,"comment_status":"closed","ping_status":"closed","template":"","format":"standard","class_list":["post-1096","tnc_col_1067_item","type-tnc_col_1067_item","status-publish","format-standard","has-post-thumbnail","hentry"],"_links":{"self":[{"href":"https:\/\/repositoriofamen.com.br\/index.php\/wp-json\/wp\/v2\/tnc_col_1067_item\/1096","targetHints":{"allow":["GET"]}}],"collection":[{"href":"https:\/\/repositoriofamen.com.br\/index.php\/wp-json\/wp\/v2\/tnc_col_1067_item"}],"about":[{"href":"https:\/\/repositoriofamen.com.br\/index.php\/wp-json\/wp\/v2\/types\/tnc_col_1067_item"}],"replies":[{"embeddable":true,"href":"https:\/\/repositoriofamen.com.br\/index.php\/wp-json\/wp\/v2\/comments?post=1096"}],"version-history":[{"count":5,"href":"https:\/\/repositoriofamen.com.br\/index.php\/wp-json\/wp\/v2\/tnc_col_1067_item\/1096\/revisions"}],"predecessor-version":[{"id":1784,"href":"https:\/\/repositoriofamen.com.br\/index.php\/wp-json\/wp\/v2\/tnc_col_1067_item\/1096\/revisions\/1784"}],"wp:featuredmedia":[{"embeddable":true,"href":"https:\/\/repositoriofamen.com.br\/index.php\/wp-json\/wp\/v2\/media\/1099"}],"wp:attachment":[{"href":"https:\/\/repositoriofamen.com.br\/index.php\/wp-json\/wp\/v2\/media?parent=1096"}],"curies":[{"name":"wp","href":"https:\/\/api.w.org\/{rel}","templated":true}]}}

O papel do professor na educação inclusiva

<p>Trabalho de Conclusão de Curso apresentado ao Curso de Pós-Graduação em Educação Infantil e Ensino Fundamental da Faculdade Metropolitana Norte Riograndense (FAMEN) como pré-requisito para a obtenção do título de especialista em Educação Infantil e Ensino Fundamental.</p>
